{"id":26,"date":"2019-09-06T14:25:38","date_gmt":"2019-09-06T12:25:38","guid":{"rendered":"http:\/\/www.cait-urv.eu\/hifrensa\/?page_id=26"},"modified":"2019-12-09T11:02:12","modified_gmt":"2019-12-09T10:02:12","slug":"es-central-nuclear","status":"publish","type":"page","link":"http:\/\/www.cait-urv.eu\/hifrensa\/es-central-nuclear\/","title":{"rendered":"central nuclear"},"content":{"rendered":"\n<div class=\"slider castellano aster-carousel\">\n\n   \n\t<div class=\"aster-diapositiva\"><ul>\n    <li><a href=\"#img01\"><img decoding=\"async\" src=\"http:\/\/www.cait-urv.eu\/hifrensa\/paneles\/panel-cnv-01.jpg\"><\/a><\/li>\n    <li class=\"aster-diapositiva-texto\">Gaston Palewski, ministro franc\u00e9s de investigaci\u00f3n y asuntos nucleares, se re\u00fane con el ministro espa\u00f1ol de industria Gregorio L\u00f3pez Bravo. El objetivo es iniciar conversaciones para la construcci\u00f3n de la primera central nuclear catalana empleando tecnolog\u00eda de la empresa EDF Electricit\u00e9 de France, con participaci\u00f3n de las compa\u00f1\u00edas el\u00e9ctricas catalanas, ENHER, FECSA y HEC.<\/li>\n    <\/ul><\/div>\n    \n    <div class=\"aster-diapositiva\"><ul>\n    <li><a href=\"#img02\"><img decoding=\"async\" src=\"http:\/\/www.cait-urv.eu\/hifrensa\/paneles\/panel-cnv-02.jpg\"><\/a><\/li>\n    <li class=\"aster-diapositiva-texto\">El interior de la vasija del reactor es un vac\u00edo que forma un cilindro de 19 m de di\u00e1metro y una altura libre de 36,5 m. El grosor del fuste del reactor oscila entre los 5,6 y 7,9 m. Cada cara del hex\u00e1gono cuenta con una perforaci\u00f3n cil\u00edndrica de 3 m de di\u00e1metro. El techo del reactor mide 7 m de espesor y est\u00e1 perforado por 199 agujeros de 60 cm de di\u00e1metro y 130 agujeros de 40 cm de di\u00e1metro.<\/li>\n    <\/ul><\/div>\n \n\t<div class=\"aster-diapositiva\"><ul>\n    <li><a href=\"#img03\"><img decoding=\"async\" src=\"http:\/\/www.cait-urv.eu\/hifrensa\/paneles\/panel-cnv-03.jpg\"><\/a><\/li>\n    <li class=\"aster-diapositiva-texto\">La vasija de contenci\u00f3n del reactor es una torre hueca, de hormig\u00f3n pretensado, de planta hexagonal, de 54,5 m de altura y 19 m de di\u00e1metro. Cada cara del hex\u00e1gono mide 17,30 m de ancho.<\/li>\n    <\/ul><\/div>\n\n       \n    <div class=\"aster-diapositiva\"><ul>\n    <li><a href=\"#img04\"><img decoding=\"async\" src=\"http:\/\/www.cait-urv.eu\/hifrensa\/paneles\/panel-cnv-04.jpg\"><\/a><\/li>\n    <li class=\"aster-diapositiva-texto\">Trabajos de supervisi\u00f3n del alzado del cilindro met\u00e1lico del interior del reactor.<\/li>\n    <\/ul><\/div>\n    \n       \n\t<div class=\"aster-diapositiva\"><ul>\n    <li><a href=\"#img05\"><img decoding=\"async\" src=\"http:\/\/www.cait-urv.eu\/hifrensa\/paneles\/panel-cnv-05.jpg\"><\/a><\/li>\n    <li class=\"aster-diapositiva-texto\">Trabajadores construyendo la vasija del reactor.<\/li>\n    <\/ul><\/div>\n      \n    <div class=\"aster-diapositiva\"><ul>\n    <li><a href=\"#img06\"><img decoding=\"async\" src=\"http:\/\/www.cait-urv.eu\/hifrensa\/paneles\/panel-cnv-06.jpg\"><\/a><\/li>\n    <li class=\"aster-diapositiva-texto\">Vista del reactor y de la estructura exterior con la centralita telef\u00f3nica dise\u00f1ada por Antonio Bonet en primer t\u00e9rmino.<\/li>\n    <\/ul><\/div>\n    \n\t<div class=\"aster-diapositiva\"><ul>\n    <li><a href=\"#img07\"><img decoding=\"async\" src=\"http:\/\/www.cait-urv.eu\/hifrensa\/paneles\/panel-cnv-07.jpg\"><\/a><\/li>\n    <li class=\"aster-diapositiva-texto\">Interior de la centralita telef\u00f3nica. Espacio central destinado al trabajo y disposici\u00f3n lateral de los aparatos.<\/li>\n    <\/ul><\/div>\n    \n    <div class=\"aster-diapositiva\"><ul>\n    <li><a href=\"#img08\"><img decoding=\"async\" src=\"http:\/\/www.cait-urv.eu\/hifrensa\/paneles\/panel-cnv-08.jpg\"><\/a><\/li>\n    <li class=\"aster-diapositiva-texto\">Sala de control de la central nuclear situada frente al mar en el edificio de auxiliares el\u00e9ctricos.<\/li>\n    <\/ul><\/div>\n    \n\t<div class=\"aster-diapositiva\"><ul>\n    <li><a href=\"#img09\"><img decoding=\"async\" src=\"http:\/\/www.cait-urv.eu\/hifrensa\/paneles\/panel-cnv-09.jpg\"><\/a><\/li>\n    <li class=\"aster-diapositiva-texto\">Vandell\u00f2s I se conect\u00f3 a la red el\u00e9ctrica el 6 de marzo de 1972. El 19 de octubre de 1989 hubo un incidente sin implicaciones radiol\u00f3gicas, y se precipita su cierre. Hoy la planta de la central nuclear se encuentra en proceso de desmantelamiento. Concluido el periodo de latencia en el 2028, la administraci\u00f3n contempla el derribo para recuperar el paisaje.<\/li>\n    <\/ul><\/div>\n    \n\t<div class=\"aster-diapositiva\"><ul>\n    <li><a href=\"#img10\"><img decoding=\"async\" src=\"http:\/\/www.cait-urv.eu\/hifrensa\/paneles\/panel-cnv-10.jpg\"><\/a><\/li>\n    <li class=\"aster-diapositiva-texto\">Secciones de la centralita telef\u00f3nica. Antonio Bonet, 1968.<\/li>\n    <\/ul><\/div>\n     \n\t<div class=\"aster-diapositiva\"><ul>\n    <li><a href=\"#img11\"><img decoding=\"async\" src=\"http:\/\/www.cait-urv.eu\/hifrensa\/paneles\/panel-cnv-11.jpg\"><\/a><\/li>\n    <li class=\"aster-diapositiva-texto\">Vista exterior del pabell\u00f3n meteorol\u00f3gico con el aparcamiento situado en la misma rotonda.<\/li>\n    <\/ul><\/div>\n    \n\t<div class=\"aster-diapositiva\"><ul>\n    <li><a href=\"#img12\"><img decoding=\"async\" src=\"http:\/\/www.cait-urv.eu\/hifrensa\/paneles\/panel-cnv-12.jpg\"><\/a><\/li>\n    <li class=\"aster-diapositiva-texto\">Vista de la central nuclear en construcci\u00f3n desde la playa del Arenal de l\u2019Hospitalet de l\u2019Infant. La vasija del reactor ejerce un dominio visual sobre el\nterritorio, desde el Delta del Ebro hasta el Cabo de Salou.<\/li>\n    <\/ul><\/div>\n    \n<\/div>\n\n\n<!-- lightbox container hidden with CSS -->\n<a href=\"#_\" class=\"lightbox\" id=\"img01\"><img decoding=\"async\" src=\"http:\/\/www.cait-urv.eu\/hifrensa\/paneles\/panel-cnv-01.jpg\"><\/a>\n<a href=\"#_\" class=\"lightbox\" id=\"img02\"><img decoding=\"async\" src=\"http:\/\/www.cait-urv.eu\/hifrensa\/paneles\/panel-cnv-02.jpg\"><\/a>\n<a href=\"#_\" class=\"lightbox\" id=\"img03\"><img decoding=\"async\" src=\"http:\/\/www.cait-urv.eu\/hifrensa\/paneles\/panel-cnv-03.jpg\"><\/a>\n<a href=\"#_\" class=\"lightbox\" id=\"img04\"><img decoding=\"async\" src=\"http:\/\/www.cait-urv.eu\/hifrensa\/paneles\/panel-cnv-04.jpg\"><\/a>\n<a href=\"#_\" class=\"lightbox\" id=\"img05\"><img decoding=\"async\" src=\"http:\/\/www.cait-urv.eu\/hifrensa\/paneles\/panel-cnv-05.jpg\"><\/a>\n<a href=\"#_\" class=\"lightbox\" id=\"img06\"><img decoding=\"async\" src=\"http:\/\/www.cait-urv.eu\/hifrensa\/paneles\/panel-cnv-06.jpg\"><\/a>\n<a href=\"#_\" class=\"lightbox\" id=\"img07\"><img decoding=\"async\" src=\"http:\/\/www.cait-urv.eu\/hifrensa\/paneles\/panel-cnv-07.jpg\"><\/a>\n<a href=\"#_\" class=\"lightbox\" id=\"img08\"><img decoding=\"async\" src=\"http:\/\/www.cait-urv.eu\/hifrensa\/paneles\/panel-cnv-08.jpg\"><\/a>\n<a href=\"#_\" class=\"lightbox\" id=\"img09\"><img decoding=\"async\" src=\"http:\/\/www.cait-urv.eu\/hifrensa\/paneles\/panel-cnv-09.jpg\"><\/a>\n<a href=\"#_\" class=\"lightbox\" id=\"img10\"><img decoding=\"async\" src=\"http:\/\/www.cait-urv.eu\/hifrensa\/paneles\/panel-cnv-10.jpg\"><\/a>\n<a href=\"#_\" class=\"lightbox\" id=\"img11\"><img decoding=\"async\" src=\"http:\/\/www.cait-urv.eu\/hifrensa\/paneles\/panel-cnv-11.jpg\"><\/a>\n<a href=\"#_\" class=\"lightbox\" id=\"img12\"><img decoding=\"async\" src=\"http:\/\/www.cait-urv.eu\/hifrensa\/paneles\/panel-cnv-12.jpg\"><\/a>\n\n<script type=\"text\/javascript\" src=\"\/\/code.jquery.com\/jquery-1.11.0.min.js\"><\/script>\n<script type=\"text\/javascript\" src=\"\/\/code.jquery.com\/jquery-migrate-1.2.1.min.js\"><\/script>\n<script type=\"text\/javascript\" src=\"http:\/\/www.cait-urv.eu\/hifrensa\/slick\/slick.min.js\"><\/script>\n\n<script type=\"text\/javascript\"> \nif (screen.width < 900) \n  $(document).ready(function(){\n  $('.aster-carousel').slick({\n  infinite: true,\n  arrows: true,\n  nextArrow:'<button type=\\\"button\\\" class=\\\"aster-carousel-next\\\">+<\/button>',\n  prevArrow:'<button type=\\\"button\\\" class=\\\"aster-carousel-prev\\\" >-<\/button>',\n  slidesToShow: 1,\n  slidesToScroll: 1\n  });\n  });\nelse \n  $(document).ready(function(){\n  $('.aster-carousel').slick({\n  infinite: true,\n  arrows: true,\n  nextArrow:'<button type=\\\"button\\\" class=\\\"aster-carousel-next\\\">+<\/button>',\n  prevArrow:'<button type=\\\"button\\\" class=\\\"aster-carousel-prev\\\" >-<\/button>',\n  slidesToShow: 3,\n  slidesToScroll: 3\n  });\n  });\n<\/script>\n","protected":false},"excerpt":{"rendered":"<p>Gaston Palewski, ministro franc\u00e9s de investigaci\u00f3n y asuntos nucleares, se re\u00fane con el ministro espa\u00f1ol de industria Gregorio L\u00f3pez Bravo. El objetivo es iniciar conversaciones para la construcci\u00f3n de la primera central nuclear catalana empleando tecnolog\u00eda de la empresa EDF Electricit\u00e9 de France, con participaci\u00f3n de las compa\u00f1\u00edas el\u00e9ctricas catalanas, ENHER, FECSA y HEC. El [&hellip;]<\/p>\n","protected":false},"author":1,"featured_media":0,"parent":0,"menu_order":0,"comment_status":"closed","ping_status":"closed","template":"","meta":[],"_links":{"self":[{"href":"http:\/\/www.cait-urv.eu\/hifrensa\/wp-json\/wp\/v2\/pages\/26"}],"collection":[{"href":"http:\/\/www.cait-urv.eu\/hifrensa\/wp-json\/wp\/v2\/pages"}],"about":[{"href":"http:\/\/www.cait-urv.eu\/hifrensa\/wp-json\/wp\/v2\/types\/page"}],"author":[{"embeddable":true,"href":"http:\/\/www.cait-urv.eu\/hifrensa\/wp-json\/wp\/v2\/users\/1"}],"replies":[{"embeddable":true,"href":"http:\/\/www.cait-urv.eu\/hifrensa\/wp-json\/wp\/v2\/comments?post=26"}],"version-history":[{"count":16,"href":"http:\/\/www.cait-urv.eu\/hifrensa\/wp-json\/wp\/v2\/pages\/26\/revisions"}],"predecessor-version":[{"id":106,"href":"http:\/\/www.cait-urv.eu\/hifrensa\/wp-json\/wp\/v2\/pages\/26\/revisions\/106"}],"wp:attachment":[{"href":"http:\/\/www.cait-urv.eu\/hifrensa\/wp-json\/wp\/v2\/media?parent=26"}],"curies":[{"name":"wp","href":"https:\/\/api.w.org\/{rel}","templated":true}]}}