{"id":28,"date":"2019-09-06T14:25:59","date_gmt":"2019-09-06T12:25:59","guid":{"rendered":"http:\/\/www.cait-urv.eu\/hifrensa\/?page_id=28"},"modified":"2019-12-09T11:07:17","modified_gmt":"2019-12-09T10:07:17","slug":"ca-central-nuclear","status":"publish","type":"page","link":"http:\/\/www.cait-urv.eu\/hifrensa\/ca-central-nuclear\/","title":{"rendered":"central nuclear"},"content":{"rendered":"\n<div class=\"slider aster-carousel catalan\">\n    \n\t<div class=\"aster-diapositiva\"><ul>\n    <li><a href=\"#img01\"><img decoding=\"async\" src=\"http:\/\/www.cait-urv.eu\/hifrensa\/paneles\/panel-cnv-01.jpg\"><\/a><\/li>\n    <li class=\"aster-diapositiva-texto\">Gaston Palewski, ministre franc\u00e8s d&#8217;investigaci\u00f3 i assumptes nuclears, es reuneix amb el ministre espanyol d&#8217;ind\u00fastria, Gregorio L\u00f3pez Bravo. L&#8217;objectiu \u00e9s iniciar converses per construir la primera central nuclear catalana utilitzant tecnologia de l&#8217;empresa EDF Electricit\u00e9 de France, amb participaci\u00f3 de les companyies el\u00e8ctriques catalanes, ENHER, FECSA i HEC.<\/li>\n    <\/ul><\/div>\n    \n    <div class=\"aster-diapositiva\"><ul>\n    <li><a href=\"#img02\"><img decoding=\"async\" src=\"http:\/\/www.cait-urv.eu\/hifrensa\/paneles\/panel-cnv-02.jpg\"><\/a><\/li>\n    <li class=\"aster-diapositiva-texto\">L&#8217;interior de la caixa del reactor \u00e9s un buit que forma un cilindre de 19 m de di\u00e0metre i una al\u00e7ada lliure de 36,5 m. El gruix del cos del reactor oscil\u00b7la entre els 5,6 i 7,9 m. Cada cara de l&#8217;hex\u00e0gon t\u00e9 una perforaci\u00f3 cil\u00edndrica de 3 m de di\u00e0metre. El sostre del reactor fa 7 m de gruix i est\u00e0 perforat per 199 forats de 60 cm de di\u00e0metre i 130 forats de 40 cm de di\u00e0metre.<\/li>\n    <\/ul><\/div>\n \n\t<div class=\"aster-diapositiva\"><ul>\n    <li><a href=\"#img03\"><img decoding=\"async\" src=\"http:\/\/www.cait-urv.eu\/hifrensa\/paneles\/panel-cnv-03.jpg\"><\/a><\/li>\n    <li class=\"aster-diapositiva-texto\">La caixa de contenci\u00f3 del reactor \u00e9s una torre buida, de formig\u00f3 pretensat, de planta hexagonal, de 54,5 m d&#8217;al\u00e7ada i 19 m de di\u00e0metre. Cada cara de l&#8217;hex\u00e0gon fa 17,30 m d&#8217;ample.<\/li>\n    <\/ul><\/div>\n\n       \n    <div class=\"aster-diapositiva\"><ul>\n    <li><a href=\"#img04\"><img decoding=\"async\" src=\"http:\/\/www.cait-urv.eu\/hifrensa\/paneles\/panel-cnv-04.jpg\"><\/a><\/li>\n    <li class=\"aster-diapositiva-texto\">Treballs de supervisi\u00f3 de l&#8217;al\u00e7at del cilindre met\u00e0l\u00b7lic de l&#8217;interior del reactor.<\/li>\n    <\/ul><\/div>\n    \n       \n\t<div class=\"aster-diapositiva\"><ul>\n    <li><a href=\"#img05\"><img decoding=\"async\" src=\"http:\/\/www.cait-urv.eu\/hifrensa\/paneles\/panel-cnv-05.jpg\"><\/a><\/li>\n    <li class=\"aster-diapositiva-texto\">Treballadors construint la caixa del reactor.<\/li>\n    <\/ul><\/div>\n      \n    <div class=\"aster-diapositiva\"><ul>\n    <li><a href=\"#img06\"><img decoding=\"async\" src=\"http:\/\/www.cait-urv.eu\/hifrensa\/paneles\/panel-cnv-06.jpg\"><\/a><\/li>\n    <li class=\"aster-diapositiva-texto\">Vista del reactor i de l&#8217;estructura exterior amb la centraleta telef\u00f2nica dissenyada per Antonio Bonet en primer terme.<\/li>\n    <\/ul><\/div>\n    \n\t<div class=\"aster-diapositiva\"><ul>\n    <li><a href=\"#img07\"><img decoding=\"async\" src=\"http:\/\/www.cait-urv.eu\/hifrensa\/paneles\/panel-cnv-07.jpg\"><\/a><\/li>\n    <li class=\"aster-diapositiva-texto\">Interior de la centraleta telef\u00f2nica. Espai central destinat a la feina i disposici\u00f3 lateral dels aparells.<\/li>\n    <\/ul><\/div>\n    \n    <div class=\"aster-diapositiva\"><ul>\n    <li><a href=\"#img08\"><img decoding=\"async\" src=\"http:\/\/www.cait-urv.eu\/hifrensa\/paneles\/panel-cnv-08.jpg\"><\/a><\/li>\n    <li class=\"aster-diapositiva-texto\">Sala de control de la central nuclear, situada davant del mar a l&#8217;edifici d&#8217;auxiliars el\u00e8ctrics.<\/li>\n    <\/ul><\/div>\n    \n\t<div class=\"aster-diapositiva\"><ul>\n    <li><a href=\"#img09\"><img decoding=\"async\" src=\"http:\/\/www.cait-urv.eu\/hifrensa\/paneles\/panel-cnv-09.jpg\"><\/a><\/li>\n    <li class=\"aster-diapositiva-texto\">Vandell\u00f2s I es connecta a la xarxa el\u00e8ctrica el 6 de mar\u00e7 del 1972. El 19 d&#8217;octubre del 1989 hi havia un incident sense implicacions radiol\u00f2giques, per\u00f2 en precipita el tancament. Avui la planta de la central nuclear est\u00e0 en proc\u00e9s desmantellament. Un cop concl\u00f2s el per\u00edode de lat\u00e8ncia el 2028, l&#8217;administraci\u00f3 en preveu l&#8217;enderrocament per recuperar el paisatge.<\/li>\n    <\/ul><\/div>\n    \n\t<div class=\"aster-diapositiva\"><ul>\n    <li><a href=\"#img10\"><img decoding=\"async\" src=\"http:\/\/www.cait-urv.eu\/hifrensa\/paneles\/panel-cnv-10.jpg\"><\/a><\/li>\n    <li class=\"aster-diapositiva-texto\">Seccions de la centraleta telef\u00f2nica. Antonio Bonet, 1968.<\/li>\n    <\/ul><\/div>\n     \n\t<div class=\"aster-diapositiva\"><ul>\n    <li><a href=\"#img11\"><img decoding=\"async\" src=\"http:\/\/www.cait-urv.eu\/hifrensa\/paneles\/panel-cnv-11.jpg\"><\/a><\/li>\n    <li class=\"aster-diapositiva-texto\">Vista exterior del pavell\u00f3 meteorol\u00f2gic amb l&#8217;aparcament situat a la mateixa rotonda.<\/li>\n    <\/ul><\/div>\n    \n\t<div class=\"aster-diapositiva\"><ul>\n    <li><a href=\"#img12\"><img decoding=\"async\" src=\"http:\/\/www.cait-urv.eu\/hifrensa\/paneles\/panel-cnv-12.jpg\"><\/a><\/li>\n    <li class=\"aster-diapositiva-texto\">Vista de la central nuclear en construcci\u00f3 des de la platja de l&#8217;Arenal de l&#8217;Hospitalet de l&#8217;Infant. La caixa del reactor domina la vista del territori, des del Delta de l&#8217;Ebre fins al Cap de Salou.<\/li>\n    <\/ul><\/div>\n    \n<\/div>\n\n\n<!-- lightbox container hidden with CSS -->\n<a href=\"#_\" class=\"lightbox\" id=\"img01\"><img decoding=\"async\" src=\"http:\/\/www.cait-urv.eu\/hifrensa\/paneles\/panel-cnv-01.jpg\"><\/a>\n<a href=\"#_\" class=\"lightbox\" id=\"img02\"><img decoding=\"async\" src=\"http:\/\/www.cait-urv.eu\/hifrensa\/paneles\/panel-cnv-02.jpg\"><\/a>\n<a href=\"#_\" class=\"lightbox\" id=\"img03\"><img decoding=\"async\" src=\"http:\/\/www.cait-urv.eu\/hifrensa\/paneles\/panel-cnv-03.jpg\"><\/a>\n<a href=\"#_\" class=\"lightbox\" id=\"img04\"><img decoding=\"async\" src=\"http:\/\/www.cait-urv.eu\/hifrensa\/paneles\/panel-cnv-04.jpg\"><\/a>\n<a href=\"#_\" class=\"lightbox\" id=\"img05\"><img decoding=\"async\" src=\"http:\/\/www.cait-urv.eu\/hifrensa\/paneles\/panel-cnv-05.jpg\"><\/a>\n<a href=\"#_\" class=\"lightbox\" id=\"img06\"><img decoding=\"async\" src=\"http:\/\/www.cait-urv.eu\/hifrensa\/paneles\/panel-cnv-06.jpg\"><\/a>\n<a href=\"#_\" class=\"lightbox\" id=\"img07\"><img decoding=\"async\" src=\"http:\/\/www.cait-urv.eu\/hifrensa\/paneles\/panel-cnv-07.jpg\"><\/a>\n<a href=\"#_\" class=\"lightbox\" id=\"img08\"><img decoding=\"async\" src=\"http:\/\/www.cait-urv.eu\/hifrensa\/paneles\/panel-cnv-08.jpg\"><\/a>\n<a href=\"#_\" class=\"lightbox\" id=\"img09\"><img decoding=\"async\" src=\"http:\/\/www.cait-urv.eu\/hifrensa\/paneles\/panel-cnv-09.jpg\"><\/a>\n<a href=\"#_\" class=\"lightbox\" id=\"img10\"><img decoding=\"async\" src=\"http:\/\/www.cait-urv.eu\/hifrensa\/paneles\/panel-cnv-10.jpg\"><\/a>\n<a href=\"#_\" class=\"lightbox\" id=\"img11\"><img decoding=\"async\" src=\"http:\/\/www.cait-urv.eu\/hifrensa\/paneles\/panel-cnv-11.jpg\"><\/a>\n<a href=\"#_\" class=\"lightbox\" id=\"img12\"><img decoding=\"async\" src=\"http:\/\/www.cait-urv.eu\/hifrensa\/paneles\/panel-cnv-12.jpg\"><\/a>\n\n<script type=\"text\/javascript\" src=\"\/\/code.jquery.com\/jquery-1.11.0.min.js\"><\/script>\n<script type=\"text\/javascript\" src=\"\/\/code.jquery.com\/jquery-migrate-1.2.1.min.js\"><\/script>\n<script type=\"text\/javascript\" src=\"http:\/\/www.cait-urv.eu\/hifrensa\/slick\/slick.min.js\"><\/script>\n\n<script type=\"text\/javascript\"> \nif (screen.width < 900) \n  $(document).ready(function(){\n  $('.aster-carousel').slick({\n  infinite: true,\n  arrows: true,\n  nextArrow:'<button type=\\\"button\\\" class=\\\"aster-carousel-next\\\">+<\/button>',\n  prevArrow:'<button type=\\\"button\\\" class=\\\"aster-carousel-prev\\\" >-<\/button>',\n  slidesToShow: 1,\n  slidesToScroll: 1\n  });\n  });\nelse \n  $(document).ready(function(){\n  $('.aster-carousel').slick({\n  infinite: true,\n  arrows: true,\n  nextArrow:'<button type=\\\"button\\\" class=\\\"aster-carousel-next\\\">+<\/button>',\n  prevArrow:'<button type=\\\"button\\\" class=\\\"aster-carousel-prev\\\" >-<\/button>',\n  slidesToShow: 3,\n  slidesToScroll: 3\n  });\n  });\n<\/script>\n","protected":false},"excerpt":{"rendered":"<p>Gaston Palewski, ministre franc\u00e8s d&#8217;investigaci\u00f3 i assumptes nuclears, es reuneix amb el ministre espanyol d&#8217;ind\u00fastria, Gregorio L\u00f3pez Bravo. L&#8217;objectiu \u00e9s iniciar converses per construir la primera central nuclear catalana utilitzant tecnologia de l&#8217;empresa EDF Electricit\u00e9 de France, amb participaci\u00f3 de les companyies el\u00e8ctriques catalanes, ENHER, FECSA i HEC. L&#8217;interior de la caixa del reactor \u00e9s [&hellip;]<\/p>\n","protected":false},"author":1,"featured_media":0,"parent":0,"menu_order":0,"comment_status":"closed","ping_status":"closed","template":"","meta":[],"_links":{"self":[{"href":"http:\/\/www.cait-urv.eu\/hifrensa\/wp-json\/wp\/v2\/pages\/28"}],"collection":[{"href":"http:\/\/www.cait-urv.eu\/hifrensa\/wp-json\/wp\/v2\/pages"}],"about":[{"href":"http:\/\/www.cait-urv.eu\/hifrensa\/wp-json\/wp\/v2\/types\/page"}],"author":[{"embeddable":true,"href":"http:\/\/www.cait-urv.eu\/hifrensa\/wp-json\/wp\/v2\/users\/1"}],"replies":[{"embeddable":true,"href":"http:\/\/www.cait-urv.eu\/hifrensa\/wp-json\/wp\/v2\/comments?post=28"}],"version-history":[{"count":6,"href":"http:\/\/www.cait-urv.eu\/hifrensa\/wp-json\/wp\/v2\/pages\/28\/revisions"}],"predecessor-version":[{"id":107,"href":"http:\/\/www.cait-urv.eu\/hifrensa\/wp-json\/wp\/v2\/pages\/28\/revisions\/107"}],"wp:attachment":[{"href":"http:\/\/www.cait-urv.eu\/hifrensa\/wp-json\/wp\/v2\/media?parent=28"}],"curies":[{"name":"wp","href":"https:\/\/api.w.org\/{rel}","templated":true}]}}